(c) = -3*c + 2*c - 31033 + 31036. Give i(-3).
6
Let z(b) = 3*b + 58. Let t(y) = 124*y + 849. Let s be t(-7). Give z(s).
1
Suppose -7*d + 5*d = 6. Let a be (d - -2 - -2) + 0/(-3). Let n(f) = -3*f**2 - a + 2*f**2 + 7*f - 4. What is n(7)?
-5
Let h = -114 - -217. Let p = 103 - h. Let t(c) = 3 - 169*c + 170*c + p. What is t(-7)?
-4
Let r(z) be the first derivative of z**2 + 51*z + 895. What is r(-24)?
3
Let x(b) = 9*b**3 + 6*b**2 + 8*b + 2. Let a be (17/34)/(1/(-2)). What is x(a)?
-9
Let u(n) = n**2 - 4*n - 3. Let o(i) = -i**2 + 15 - 13*i + 14*i + 35 + 23*i. Let q be o(26). Give u(q).
9
Suppose 10*j + 80 = 14*j. Suppose u - 16 = 3*i, -j = 2*u - 3*u + 4*i. Let d(y) = y - 5. What is d(u)?
-1
Let u = 335 - 327. Let d(r) = -r**3 + 2 + 3369*r - 4 - 3376*r + u*r**2. Let t = 4 - -3. Calculate d(t).
-2
Let l(h) = -3*h + 2*h**3 + 42*h**3 + 6*h**2 - 5 - 2*h - 45*h**3. What is l(2)?
1
Let a(r) = 2*r - 1. Suppose 108 = 7*l - 18. Let f be ((-9)/l)/((-1)/(-4)). Let m be a(f). Let u(c) = -c. Calculate u(m).
5
Let p(w) = -w**3 + 5*w**2 - w - 3. Suppose -7*b = -3*b + 72. Let d be 5 - (-6)/(b/39). Let g be -3 + -1 - 4/(d/18). Determine p(g).
-8
Let a(x) = -128*x + 2. Let q(p) = -482*p + 9. Let f(n) = -15*a(n) + 4*q(n). Suppose -3*u + m = -14, -2*u + 3 - 11 = -5*m. Determine f(u).
-42
Suppose -2*z + 6*z = -4*m + 52, -5*z + 2 = -2*m. Suppose 5*j - 4*q - m = 8, j + 1 = 3*q. Let k(t) = -t + 1. Calculate k(j).
-4
Let l(c) = 68*c**2 - 28*c**2 - 48*c - 12*c**2 - 21*c**2. Calculate l(7).
7
Let p(l) be the second derivative of l**5/20 - l**3/6 + 3*l**2/2 - 18*l. Let u be p(0). Let o(n) = 146 + u*n**3 + n - 4*n**2 - 146 - 4*n**3. Give o(-4).
-4
Suppose -g - 15 = 4*g. Let a(x) = -x**3 - 3*x**2 + 10*x + 31. Let n be a(-3). Let p be -1 + 0 + g + (2 - n). Let z(s) = s - 4. What is z(p)?
-7
Suppose -23*u + 48 = -67. Let x(w) = 4*w - 2. Let p be x(3). Let d be (u - 0)*(-4)/p. Let q(l) = 8*l + 2. Calculate q(d).
-14
Let c be 8/24*(-1 + 2)*21. Let q(f) = -13 + f + f - f + c. Suppose -5*m - 2*o + 0*o + 34 = 0, 3*o - 6 = 0. What is q(m)?
0
Let f = 7 + -5. Suppose -3*j + f*a + 23 = -0*j, 11 = j - 4*a. Let c(v) be the first derivative of v**2/2 - 4*v - 30947. Give c(j).
3
Let j(p) = -8*p**2 + 9 + 102*p**3 + 100*p**3 + 118*p**3 - 32*p - 321*p**3 - 4*p**2. Calculate j(-7).
-12
Let i(x) = -27 - 1029*x + 1043*x + 104. What is i(-6)?
-7
Let r(c) = -c**3 - 7*c**2 - 6*c + 23. Let z be r(-4). Let b(x) be the first derivative of 3*x**4/4 + 2*x**3/3 - x + 1. Give b(z).
-2
Let o(i) = 87*i**2 + 2 - 167*i**2 + 74*i**2. Calculate o(-1).
-4
Let h be 7/(70/12)*(-70)/(-21). Let y(n) = 3*n - 2*n - h*n + 2*n + 19. Determine y(13).
6
Let m(j) = -j**2 + 19*j - 71. Let s be m(9). Let k(o) = -o + 11. Calculate k(s).
-8
Let b(q) = -q**2 + 3*q. Let z be (18/(-30) + (-26)/(-10))*(-15)/(-6). Determine b(z).
-10
Let s(l) = -3439*l - 7 - 105 + 3483*l. Calculate s(3).
20
Let s(q) be the third derivative of -q**5/60 - q**4/4 + q**3/6 - 2*q**2. Let y(x) = -2*x + 18 + 7*x - 21 - 2*x - x. Let b be y(-1). Determine s(b).
6
Let g(z) = -8*z + 21 + 15 - 7*z + z**2 + 4*z. Give g(6).
6
Let m(n) be the first derivative of -n**4/4 + 5*n**3/3 + 7*n**2/2 - 3. Suppose 2*g + 65*o - 16 = 66*o, 46 = 5*g - 4*o. What is m(g)?
6
Let g be (-11 - -2)/((-3)/(-4)). Let w(f) be the second derivative of f**4/12 + 11*f**3/6 - f + 2415. Give w(g).
12
Let n(h) be the second derivative of 5/6*h**3 - 1 - 19*h + 1/12*h**4 - 3/2*h**2. Determine n(-6).
3
Let t(s) = -s**3 - 11*s**2 - 9. Suppose 2*r - 3*g - 41 = 0, 0 = -0*g + 2*g - 2. Suppose -13*p = -11*p + r. Calculate t(p).
-9
Let s(p) = -p**2 + 8*p - 15. Let x(t) = 3*t**2 - 25*t + 47. Let w(q) = 17*s(q) + 6*x(q). Determine w(11).
-6
Suppose 100 = -9*p + 118. Let j(k) = 8 + 3*k - 7*k**2 - k**3 - k**p + 6 - 9. What is j(-8)?
-19
Let h(d) be the first derivative of -d**2 - 5*d - 7843. Determine h(-7).
9
Let j(c) = -5*c + 4. Let r(a) = 115*a + 274. Let x(z) = 18*j(z) + r(z). What is x(-14)?
-4
Let h = -27286 - -27289. Let n(z) = -6*z**3 - 4*z**2 + 6*z - 1. Let y(x) = -4*x**3 - 3*x**2 + 4*x - 1. Let k(u) = 5*n(u) - 7*y(u). Calculate k(h).
-37
Let w = -6 + 3. Let z(g) be the first derivative of -g**2 + 207. Give z(w).
6
Let y(z) be the second derivative of z**4/12 + 7*z**3/6 - 5*z**2 + 89*z. Give y(4).
34
Let l be 2/2*8/(16/54). Suppose -2*c + 121 = l. Let x = c - 45. Let s(m) = -7*m - 2. Calculate s(x).
-16
Let f(i) = 13 - 18 + 13 + 36*i - 37*i. Suppose 30*t = 27*t - 60. Let h = -15 - t. Give f(h).
3
Suppose 0 = -3*s + 3, 0*s - s = 3*r - 4. Let a = -8 - r. Let y(t) = -t - 15. Calculate y(a).
-6
Let k(n) be the first derivative of 2*n**3/3 - 7*n**2/2 - 4*n - 214. Give k(9).
95
Let h = -5 - -1. Let v(y) = -6*y - 15. Let d(m) be the second derivative of 11*m**3/6 + 13*m**2 - m - 17. Let w(g) = 3*d(g) + 5*v(g). Calculate w(h).
-9
Suppose -7*m + 1 + 20 = 0. Let r = -1 - m. Let k(i) = 0 + 0 + 2 + 4*i. What is k(r)?
-14
Let x(q) = q**3 - 8*q**2 + 5*q - 15. Let p be (-38)/(-6) + (-1)/(-6)*(13 + -15). Give x(p).
-57
Suppose 60*t + 93 = 273. Let o(v) = -v + 31. Give o(t).
28
Suppose 0 = 63*k - 70*k + 28. Let q(v) = -2*v + k*v + v**3 - 396*v**2 + 391*v**2 - 4. What is q(5)?
6
Suppose -4*x + 63 = -17. Suppose -3*p = 5*t - x, 2*p - 4*t + 9*t - 10 = 0. Let r(b) = -p*b**2 - 3*b**2 - 2*b + 1 + 22*b**2. Determine r(1).
8
Let c(g) be the first derivative of -g**4/2 - 8*g**3/3 - 5*g**2 - 8*g - 4533. Determine c(-4).
32
Suppose -18*q = -20*q - 8. Let p(v) be the second derivative of -v**3/6 + 3*v**2/2 + 525*v - 1. Give p(q).
7
Let o(u) = u**3 + 3*u**2 - 2*u. Let b be ((-144)/63 + 2)/((-3)/(-42)). Give o(b).
-8
Let x(m) = -20*m**2 + 27340*m**3 - 27339*m**3 - 23 + 8*m - 6*m. Give x(20).
17
Let r(i) be the first derivative of -27*i + 1/3*i**3 - 5/2*i**2 - 31. Give r(8).
-3
Let j(b) = -129*b**2 + 2*b. Suppose 28*u + 0 = 8 + 20. Determine j(u).
-127
Let x(a) = -4*a - 39. Let k(b) = 20*b + 1582. Let i be k(-80). What is x(i)?
33
Let y(j) = 5*j**2 + 4*j - 6. Let z(i) = 4*i**2 + 3*i - 9. Let f(t) = -3*y(t) + 4*z(t). What is f(-4)?
-2
Suppose -17*h + 167 = -35 - 19. Let y(n) = -n**2 + 11*n + 21. What is y(h)?
-5
Let w(d) be the third derivative of d**5/60 + d**4/3 + 7*d**3/6 + 10*d**2. Suppose -82*b = -75*b - 770. Suppose -20*s - b = 10. Determine w(s).
-5
Let o = -214 + 216. Suppose 1 = o*a + 5. Let c(w) = w**2 + 2*w + 2. What is c(a)?
2
Let x = 115 - 124. Let q be ((-2)/6)/(6/(-90)). Let h(f) = 6*f**2 + 15*f + 13. Let u(r) = r**2 + r. Let b(j) = q*u(j) - h(j). Give b(x).
-4
Suppose -v - 2*x = -10, 0*x + 3*x - 15 = -4*v. Suppose 5*q - 2*a - 51 = v, q - 12 = -6*a + 7*a. Let o(n) = -n**2 + 9*n - 6. Calculate o(q).
-6
Suppose 0 = 53*d - 57*d - 4. Let w be (0*d*4/8)/(-2). Let p(k) = k + 7. What is p(w)?
7
Let h be (-8 - -3)*4/10. Let c(v) = 2*v - 3. Let y(z) = 12*z - 12. Let b(i) = 12*i - 13. Let n(f) = -3*b(f) + 4*y(f). Let q(m) = -3*c(m) + n(m). Determine q(h).
-12
Suppose -3*c - 2*v + 17042 = 0, c - 7*v = -3*v + 5690. Let j(n) = -n**2 + 5687*n - c*n + 0*n**2. Suppose 2*a + a = 3*y - 21, -5*a + 1 = y. Give j(y).
-6
Let m(j) = j**3 + j**2 - j - 122. Let i be (15/10)/((-12)/16) + 2. Give m(i).
-122
Let b be (-58 + 58)/((0 + 1)*-1). Suppose 0 = -4*s - b - 4. Let j(y) = -23*y**2 + y. Determine j(s).
-24
Suppose -4*o - 6 + 14 = 0. Let v(r) = -2 - o*r + 4*r - r. Suppose -5*h - 32 = -617*w + 620*w, 5*h + 4 = 4*w. Calculate v(w).
-6
Let a(t) = -16*t**2 + 19*t - 14. Let m(h) = 9*h**2 - 10*h + 7. Let o(u) = 5*a(u) + 9*m(u). Calculate o(5).
43
Let i = 17 - 17. Suppose g = -i*g - 7*g. Let x be -5 + 8/4 - g. Let a(u) = -u**2 - 2*u + 4. Calculate a(x).
1
Let d(w) = -3 + 17*w**2 - 18*w**2 - 9 - 9*w + 8. Let s(h) = -h**2 + 15*h - 44. Let n be s(12). Calculate d(n).
4
Let c(w) = 72200*w + 5 - 72186*w - 91. What is c(6)?
-2
Let l be -30*(1 + (-36)/(-20)). Let j be -5*(2 + 0 - l/(-30)). Let v(d) = d - 1. Let k(p) = -p + 2. Let f(t) = -6*k(t) - 7*v(t). Determine f(j).
-9
Let i(r) = -4 + 0*r**2 + 5 - 4*r**2. Let n be -55 + 3 + 2 + -4. Let f be 3/2 + 27/n. Determine i(f).
-3
Let u(z) be the third derivative of -z**6/120 + z**5/30 + z**4/24 + 337*z**3/6 + 54*z**2 - 2*z. Let b(r) be the first derivative of u(r). Give b(3).
-14
Let l be (-1)/6 - 14707/462. Let i(y) = 6*y + 186. Give i(l).
-6
Let v(w) = -128*w**2 - 98*w - 29. Let h(o) = 13*o**2 + 10*o + 